201221010012
In base 12, what is -20520 + -187?
-206a7
In base 6, what is -3 + -1330520035?
-1330520042
In base 2, what is -100011001 - 11001011100011010?
-11001100000110011
In base 10, what is -3 + -1499020?
-1499023
In base 3, what is -1201 + -21011220020111?
-21011220022012
In base 6, what is -102045320 + 3?
-102045313
In base 4, what is -2223323330 - -1000?
-2223322330
In base 9, what is 1533 - -14484?
16127
In base 11, what is -14a596 - -286?
-14a310
In base 10, what is -119990 + 72?
-119918
In base 5, what is 10 - -10120030432?
10120030442
In base 7, what is 3 + 52420055?
52420061
In base 15, what is 9 + -973c32?
-973c28
In base 14, what is ab - -7b5d?
7c2a
In base 3, what is 101111 - -10220110000?
10220211111
In base 3, what is 111211 - 1010220122102?
-1010220010121
In base 12, what is 1 - -1a69282?
1a69283
In base 11, what is -2 + 76845?
76843
In base 16, what is 34623f + 37?
346276
In base 10, what is -2862546 - 1?
-2862547
In base 16, what is bb + 1f920?
1f9db
In base 4, what is 3301120011 + 110110?
3301230121
In base 14, what is 3126c84 + 2?
3126c86
In base 2, what is 101011001001101 - 100011111111?
100110101001110
In base 10, what is -1368 - -425?
-943
In base 3, what is -10122011 - -200110100001?
200022200220
In base 6, what is 141501 - 31545?
105512
In base 10, what is -6530 - -9022?
2492
In base 14, what is -29 + 878a?
8761
In base 13, what is 583683 + 4?
583687
In base 8, what is 1400726 - -433?
1401361
In base 6, what is 13 + -5301151510?
-5301151453
In base 11, what is -247422 + -8aa?
-248221
In base 14, what is 3 + -76aa1c5?
-76aa1c2
In base 15, what is -262b61 + 6?
-262b5a
In base 15, what is e - -39499d9?
39499e8
In base 5, what is -32341400322 - 24?
-32341400401
In base 9, what is 30 + 34172527?
34172557
In base 11, what is 7210a76 + -6?
7210a70
In base 5, what is -230221202332 + 1?
-230221202331
In base 11, what is -2710398 - -4?
-2710394
In base 5, what is 13310 + -22310020?
-22241210
In base 15, what is -14 + 1563d42?
1563d2d
In base 12, what is -56 + -31bba01?
-31bba57
In base 4, what is -101030301020220 - 2?
-101030301020222
In base 13, what is 142136 + 42?
142178
In base 12, what is -a9985 + -a48?
-aa811
In base 9, what is 258 + 463413?
463672
In base 9, what is -774342301 - -2?
-774342288
In base 3, what is -211222211012 + 1222021?
-211220211221
In base 4, what is 233 - 21103101020?
-21103100121
In base 8, what is -1327746176 - 4?
-1327746202
In base 14, what is -86db7 - 19?
-86dd2
In base 9, what is 15 + -4257001?
-4256875
In base 13, what is 5a56ba + -5?
5a56b5
In base 11, what is 0 - 3204008?
-3204008
In base 13, what is 1717 - 1a240?
-18826
In base 9, what is 5 - -1046223?
1046228
In base 10, what is 6020641 + -22?
6020619
In base 10, what is -1589808 - -6?
-1589802
In base 6, what is 245033 - 3041?
241552
In base 3, what is -12100 - 10010021220222?
-10010022010022
In base 8, what is 742 + 1360272?
1361234
In base 10, what is -3720 + 165?
-3555
In base 15, what is a691a + 6?
a6921
In base 10, what is 71 - -67668?
67739
In base 7, what is 521 - 6216?
-5365
In base 13, what is -55b26 - 1b7?
-56010
In base 5, what is -4 - -1121401403?
1121401344
In base 14, what is 1831 - -4c0?
1d11
In base 10, what is -67 + -1647156?
-1647223
In base 2, what is 1001110 - 10100111110110000010?
-10100111110100110100
In base 13, what is -2341 - -b0b?
-1533
In base 7, what is -2451 + 16145?
13364
In base 12, what is -267344 - 18?
-267360
In base 8, what is 171 - 271465?
-271274
In base 14, what is -75 + 1a5a1?
1a52a
In base 12, what is -2b5964 - 115?
-2b5a79
In base 13, what is -11 + -1463724?
-1463735
In base 5, what is 10 - 2034113111?
-2034113101
In base 14, what is -106a6d64d - -1?
-106a6d64c
In base 5, what is -1004 + -110113?
-111122
In base 9, what is 538212 - 702?
537410
In base 8, what is 712033553 + 3?
712033556
In base 5, what is 1440142131 - -12?
1440142143
In base 15, what is 26 + 42c39?
42c60
In base 7, what is -234206 - 263?
-234502
In base 5, what is 114324421132 - 10?
114324421122
In base 12, what is 30b - -6ab20?
6b22b
In base 16, what is -3 + -1fa21c?
-1fa21f
In base 3, what is -12200 + -102020210011?
-102020222211
In base 14, what is 1 + -40d2512?
-40d2511
In base 12, what is -13390572 - 5?
-13390577
In base 2, what is -1001 - -10101000011001100010?
10101000011001011001
In base 12, what is -200654 - 36?
-20068a
In base 14, what is 1279 - -71c5?
8460
In base 5, what is -3 - 2230410023?
-2230410031
In base 3, what is 2 - -1020011012121110?
1020011012121112
In base 8, what is -5 + 1710416623?
1710416616
In base 14, what is -1a03cc84 + -2?
-1a03cc86
In base 6, what is -25302 + 54204?
24502
In base 12, what is -24 - 6b1304?
-6b1328
In base 5, what is -101341332 + 241?
-101341041
In base 14, what is 3 + -2da5ba78?
-2da5ba75
In base 9, what is 27 + -1318037?
-1318010
In base 15, what is 2b + -1d5eb?
-1d5c0
In base 16, what is 3 + 2d6115d?
2d61160
In base 15, what is -3 - -a173d11?
a173d0d
In base 14, what is 6c5 + 711?
dd6
In base 11, what is -4 + 103a41526?
103a41522
In base 6, what is 232 + 250000?
250232
In base 11, what is -45 + a3504?
a346a
In base 4, what is 321130301332 + -21?
321130301311
In base 5, what is 103232 + -432312?
-324030
In base 15, what is -a3be + -a0?
-a46e
In base 2, what is -1000101001001 + 10011100001011100?
10010011100010011
In base 4, what is -11212120 - 0?
-11212120
In base 16, what is -bf9 + -1c2?
-dbb
In base 8, what is 4 + 1055471?
1055475
In base 2, what is -10001110100010010001000101 - 110001?
-10001110100010010001110110
In base 15, what is -e03711 - 0?
-e03711
In base 13, what is 1ac + bb40?
c01c
In base 13, what is -772 - -b192?
a720
In base 5, what is 103013241124 - -13?
103013241142
In base 15, what is -1b235 - 1c8?
-1b40d
In base 3, what is -11200202121 + -2020?
-11200211211
In base 15, what is -1b61 - 1a86?
-36e7
In base 3, what is 1110 - -21220211220?
21220220100
In base 3, what is -1000101220 - -102211?
-222222002
In base 7, what is 132623003 + -1?
132623002
In base 15, what is 14b - -8004e?
8019a
In base 8, what is 3 + 1555643?
1555646
In base 9, what is -63555 - 60?
-63625
In base 3, what is -2210210001 - -202121002?
-2001011222
In base 15, what is -7 + 58a1c9?
58a1c2
In base 7, what is -103000 + -26142?
-132142
In base 6, what is -2 - 3204544255?
-3204544301
In base 4, what is 21 + -331003220332?
-331003220311
In base 15, what is 9ec5 - -2d63?
cd38
In base 8, what is -445772506 - 0?
-445772506
In base 13, what is -4 + -4bc3b0?
-4bc3b4
In base 3, what is -1010101 - -11200212?
10120111
In base 3, what is -111101 - -2020100112?
2012212011
In base 8, what is -101 - -10164552?
10164451
In base 10, what is -52 + -4681680?
-4681732
In base 11, what is 0 - a16a9a2?
-a16a9a2
In base 12, what is -47b + 11308?
10a49
In base 15, what is -4a18 + 2ec4?
-1a44
In base 16, what is 1db2 + -eea1?
-d0ef
In base 15, what is -243 - -5274?
5031
In base 11, what is -801 - -93899?
93098
In base 7, what is 24426335 - -5?
24426343
In base 9, what is 65066582 - 0?
65066582
In base 8, what is 674453 + 4?
674457
In base 9, what is -1 - -403100500?
403100488
In base 16, what is 4 - 14bb2?
-14bae
In base 12, what is -4 - 5827a65?
-5827a69
In base 5, what is 10 - -21022114314?
21022114324
In base 10, what is 2 - 3623525?
-3623523
In base 6, what is -222515 + 22530?
-155545
In base 7, what is -33 + 32016502?
32016436
In base 5, what is 3321 + -433203111?
-433144240
In base 5, what is 13 - -22204413031?
22204413044
In base 8, what is 77243222 - -3?
77243225
In base 9, what is -8350 - 2444?
-11804
In base 3, what is -11 - 1000101101010?
-1000101101021
In base 15, what is 162661 - -67?
1626c8
In base 11, what is -2593 - -5a13?
3430
In base 3, what is 20122111 - 1122111?
12000000
In base 7, what is -315 - -46604124?
46603506
In base 12, what is 15a08a + 9?
15a097
In base 9, what is -5 - 5231621?
-5231626
In base 4, what is 2102303 - -33?
2103002
In base 13, what is -26 - -1564712?
15646b9
In base 6, what is -25200 + 235055?
205455
In base 12, what is -44aa6a9 - 11?
-44aa6ba
In base 3, what is -2122221221 + -21110?
-2200020101
In base 11, what is -54a - -85a9?
805a
In base 6, what is -45 + 2222535?
2222450
In base 6, what is 4 + 430124232?
430124240
In base 14, what is 5 + -5296c8?
-5296c3
In base 5, what is 43